{"id":4349,"date":"2026-02-24T20:50:36","date_gmt":"2026-02-24T20:50:36","guid":{"rendered":"https:\/\/2026.artefacto-conf.org\/?page_id=4349"},"modified":"2026-03-31T08:03:53","modified_gmt":"2026-03-31T08:03:53","slug":"organization","status":"publish","type":"page","link":"https:\/\/artefacto-conf.org\/index.php\/organization\/","title":{"rendered":"ORGANIZATION"},"content":{"rendered":"\n<h1 class=\"wp-block-heading has-x-large-font-size\">ARTeFACTo 2026 Organization<\/h1>\n\n\n\n<p class=\"has-black-color has-text-color has-link-color wp-elements-7b3f2c54a06281514334f0e93fce5b6c\" style=\"font-size:16px\"><strong>Institutions:<\/strong><br>\u2022 <a href=\"https:\/\/www.ipbeja.pt\/en\/Pages\/default.aspx\"><mark style=\"background-color:rgba(0, 0, 0, 0)\" class=\"has-inline-color has-vivid-red-color\">Politechnic University of Beja<\/mark><\/a> \/ <a href=\"https:\/\/www.ipbeja.pt\/idesenvolvimento\/Laboratorios\/labACM\/Paginas\/Investigacao.aspx\"><mark style=\"background-color:rgba(0, 0, 0, 0)\" class=\"has-inline-color has-vivid-red-color\">ACM (Lab of Art and Multimedia Communication)<\/mark><\/a><br>\u2022 <a href=\"https:\/\/artech-international.org\/\"><mark style=\"background-color:rgba(0, 0, 0, 0)\" class=\"has-inline-color has-vivid-red-color\">The Artech-International Association<\/mark><\/a><\/p>\n\n\n\n<p class=\"has-black-color has-text-color has-link-color wp-elements-00ea868f0f3376b4fb03655b2d9efdb9\" style=\"font-size:16px\"><strong _istranslated=\"1\"><strong>Honorary Chairman<\/strong>:<\/strong><br>\u2022 Ad\u00e9rito Fernandes-Marcos, University of Saint Joseph in Macau (MO) \/ Artech-International<\/p>\n\n\n\n<p class=\"has-black-color has-text-color has-link-color wp-elements-ca45a9fdf20ae1236fdfa2383e9d0c02\" style=\"font-size:16px\"><strong _istranslated=\"1\"><strong>International Scientific and Art Committee<\/strong>:<\/strong><br>\u2022 Aldo Passarinho, Politechnic University of Beja \/ ACM (PT) (<strong>General Chairman<\/strong>)<br>\u2022 Tiago Caldas Nunes, Politechnic University of Beja \/ ACM (PT) (<strong>General Co-chairman<\/strong>)<br><\/p>\n\n\n\n<p class=\"has-black-color has-text-color has-link-color wp-elements-1ea73bc39c6cc1255e49f4771bf75f77\" style=\"font-size:16px\"><strong _istranslated=\"1\"><strong>International Scientific and Art Committee<\/strong>:<\/strong><br>\u2022 Selma Pereira, CICANT, ISMAT- Ensino Lus\u00f3fona (PT) (<strong>President<\/strong>)<br>\u2022 Rui Travasso, Politechnic University of Beja (PT) (<strong>Vice-President<\/strong>)<br>\u2022 Ant\u00f3nio Carvalho Maneira, University of Saint Joseph in Macau (MO) (<strong>Vice-President<\/strong>)<\/p>\n\n\n\n<p class=\"has-black-color has-text-color has-link-color wp-elements-f4ec62b740a40d4e1b74de62266f4017\" style=\"font-size:16px\"><strong _istranslated=\"1\"><strong>Committee Members<\/strong>:<\/strong><br>\u2022 Ad\u00e9rito Fernandes-Marcos, University of Saint Joseph in Macau (MO)<br>\u2022 Alberto S\u00e1, University of Minho (PT)<br>\u2022 Aleksei Lipovka, Federal University of Siberia (RU)<br>\u2022 Alicia Gonz\u00e1lez-P\u00e9rez, University of Extremadura (ES)<br>\u2022 Am\u00edlcar Cardoso, University of Coimbra (PT)<br>\u2022 Ana Am\u00e9lia Carvalho, University of Coimbra (PT)<br>\u2022 Ana Gago, Universidade Cat\u00f3lica Portuguesa (PT)<br>\u2022 Anamaria Rezende Galeotti, Anhembi Morumbi University (BR)<br>\u2022 Andr\u00e9 Baltazar, Universidade Cat\u00f3lica Portuguesa (PT)<br>\u2022 Andr\u00e9 Wilson Salgado, Federal Institute of Amazonas (BR)<br>\u2022 Anthony Lewis Brooks, University of Aalborg (DK)<br>\u2022 Ant\u00f3nio Costa Valente, University of Algarve (PT)<br>\u2022 \u00c1urea Mu\u00f1\u00f3z del Amo, University of Sevilla (ES)<br>\u2022 Benjamin Falchuk, Perspecta Labs (EUA)<br>\u2022 Bruno Mendes da Silva, University of Algarve (PT)<br>\u2022 Carlos Sena Caires, University of Saint Joseph in Macau (MO)<br>\u2022 Cecilia de Lima, University of Lisbon (PT)<br>\u2022 C\u00e9lio Concei\u00e7\u00e3o, University of Algarve (PT)<br>\u2022 Cleomar Rocha, Federal University of Goi\u00e1s (BR)<br>\u2022 Clara Trigo, Federal University of Bahia (BR)<br>\u2022 Cristina S\u00e1, Universidade Cat\u00f3lica Portuguesa \u2013 Porto (PT)<br>\u2022 Daniel Brand\u00e3o, University of Minho (PT)<br>\u2022 David Farinha, University of Saint Joseph in Macao (MO)<br>\u2022 David Mould, Carleton University (CA)<br>\u2022 Denis Zuev, University of Saint Joseph in Macao (MO)<br>\u2022 Dorotea Souza Bastos, Federal University of Rec\u00f4ncavo da Bahia (BR)<br>\u2022 Diogo Marques, University of Coimbra (PT)<br>\u2022 Eduardo Lima, Federal University of S\u00e3o Jo\u00e3o del-Rei (BR)<br>\u2022 Em\u00edlia Sim\u00e3o, Portucalense University (PT)<br>\u2022 Gabriela Borges, Federal University of Juiz de Fora (BR)<br>\u2022 Gavin Perin, University of Technology Sydney (AU)<br>\u2022 Gerald Estadieu, University of Saint Joseph in Macau (MO)<br>\u2022 Gilbertto Prado, University of S\u00e3o Paulo (BR)<br>\u2022 Gilvano Dalagna, University of Aveiro (PT)<br>\u2022 Heitor Alvelos, University of Porto (PT)<br>\u2022 Helena Barranha, Nova University of Lisbon (PT)<br>\u2022 Henrique Portovedo, University of Aveiro (PT)<br>\u2022 Hernando Urrutia, Portucalense University (PT)<br>\u2022 Hosana Celeste Oliveira, Paulista State University (BR)<br>\u2022 In\u00eas Guerra Santos, University Institute of Maia (PT)<br>\u2022 Ionat Zurr, University of Western Australia (AU)<br>\u2022 Isabel Azevedo, University of Porto (PT)<br>\u2022 Isabel Cristina Carvalho, Portuguese Open University (PT)<br>\u2022 Isabel Soveral, University of Aveiro (PT)<br>\u2022 Ivan Franco, McGill University (CA)<br>\u2022 Joana Pestana, University of Kingston (UK)<br>\u2022 Jo\u00e3o Cordeiro, University of West London (UK)<br>\u2022 Jo\u00e3o Paulo Queiroz, University of Lisbon (PT)<br>\u2022 Jorge Carrega, University of Algarve (PT)<br>\u2022 Jos\u00e9 Alberto Gomes, Universidade Cat\u00f3lica Portuguesa (PT)<br>\u2022 Jos\u00e9 Bidarra, Portuguese Open University (PT)<br>\u2022 Jos\u00e9 Carlos Neves, CICANT, Lus\u00f3fona University (PT)<br>\u2022 Jos\u00e9 Gomes Pinto, CICANT, Lus\u00f3fona University (PT) <br>\u2022 Jos\u00e9 Pereira, Polytechnic Institute of Viseu (PT)<br>\u2022 Leonel Morgado, Portuguese Open University (PT)<br>\u2022 Lucas Fabian Olivero, Portuguese Open University (PT)<br>\u2022 Lucia Pimentel, Federal University of Minas Gerais (BR)<br>\u2022 Lucia Santaella, Pontifical Catholic University of S\u00e3o Paulo (BR)<br>\u2022 Ludmila Pimentel, Federal University of Bahia (BR)<br>\u2022 Lu\u00eds Teixeira, Universidade Cat\u00f3lica de Portugal (PT)<br>\u2022 Madalena Oliveira, University of Minho (PT)<br>\u2022 Marcos Mortensen Steagall, Auckland University of Technology (NZ)<br>\u2022 Marcos Mucheroni, University of S\u00e3o Paulo (BR)<br>\u2022 Maria Am\u00e9lia Bulh\u00f5es, Federal University of Rio Grande do Sul (BR)<br>\u2022 Maria De Lambert, Polytechnic Institute of Porto (PT)<br>\u2022 Maria Manuela Lopes, Polytechnic Institute of Porto (PT)<br>\u2022 Masood Masoodian, University of Aalto (FI)<br>\u2022 Martsamrit Pasupa, King Mongkut\u2019s University of Technology Thonburi (TH)<br>\u2022 Miguel Carvalhais, University of Porto (PT)<br>\u2022 Milton Sogabe, Anhembi Morumbi University (BR)<br>\u2022 Mirian Tavares, University of Algarve (PT)<br>\u2022 Mirtes Marins de Oliveira, Anhembi Morumbi University (BR)<br>\u2022 M\u00f3nica Mendes, University of Lisbon (PT)<br>\u2022 N\u00e9 Barros, Balleteatro, Balleteatro, ESAD &#8211; School of Arts and Design (PT)<br>\u2022 Nelson Zagalo, University of Aveiro (PT)<br>\u2022 Noeli Batista dos Santos, Federal University of Goi\u00e1s (BR)<br>\u2022 Nuno Correia, Nova University of Lisbon (PT)<br>\u2022 Nuno Martins, Polytechnic Institute of C\u00e1vado and Ave (PT)<br>\u2022 \u00d3scar Mealha, University of Aveiro (PT)<br>\u2022 Pablo Gobira, Federal University of Minas Gerais (BR)<br>\u2022 Paulo Bernardino Bastos, University of Aveiro (PT)<br>\u2022 Paulo Ferreira-Lopes, University of Applied Sciences Mainz (DE)<br>\u2022 Paulo Teles, State University of Campinas (BR)<br>\u2022 Patr\u00edcia Gouveia, University of Lisboa (PT) <br>\u2022 Pedro Andrade, Universidade do Minho (PT) <br>\u2022 Pedro Cabral Santo, University of Algarve (PT) <br>\u2022 Pedro Pais Correia, CIAC, University of Algarve (PT)<br>\u2022 Penousal Machado, University of Coimbra (PT)<br>\u2022 Priscila Arantes, Anhembi Morumbi University (BR)<br>\u2022 Ralf Doerner, Rhein-Main University of Applied Sciences (DE)<br>\u2022 Regilene Sarzi Ribeiro, S\u00e3o Paulo State University (BR)<br>\u2022 Ricardo Alexino Ferreira, University of S\u00e3o Paulo (BR)<br>\u2022 Rosana H. Monteiro, Universidade Federal de Goi\u00e1s (BR)<br>\u2022 Rosangella Leote, Universidade Estadual Paulista (BR)<br>\u2022 Rui Travasso, Polytechnic Institute of Beja (PT)<br>\u2022 Sandra Ng, University of Saint Joseph in Macao (MO)<br>\u2022 S\u00e9rgio Eliseu, University of Aveiro (PT)<br>\u2022 S\u00edlvia Leiria Viegas, University of Algarve (PT)<br>\u2022 Sol Alonso Romera, University of Vigo (ES)<br>\u2022 Suzete Venturelli, University Anhembi Morumbi (BR)<br>\u2022 Teresa Barradas, Polytechnic University of Beja (PT)<br>\u2022 Thuy Anh, University of Economics Ho Chi Minh City (VN)<br>\u2022 Tiago Cruz, University Institute of Maia (PT)<br>\u2022 Victoria Vesna, University of California in Los Angeles (USA)<br>\u2022 V\u00edtor&nbsp;S\u00e1, Polytechnic University of Porto (PT)<br><\/p>\n\n\n\n<p class=\"has-black-color has-text-color has-link-color wp-elements-41369a47211a75e1760d0cb36b2bbf27\" style=\"font-size:16px\"><strong>Curatorship of Artworks Chairs:<\/strong><br>\u2022 Teresa Barradas, Politechnic University of Beja \/ ACM (PT)<\/p>\n\n\n\n<p class=\"has-black-color has-text-color has-link-color wp-elements-a22874cd20fc7071b4296db8cf25c1e9\" style=\"font-size:16px\"><strong>Web Chairs:<\/strong><br>\u2022 NN, University of Minho (PT)<br>\u2022 Selma Pereira, CICANT, ISMAT- Ensino Lus\u00f3fona (PT)<\/p>\n\n\n\n<p class=\"has-black-color has-text-color has-link-color wp-elements-5e68063f7b0546f56c2356f21eec851f\" style=\"font-size:16px\"><strong>Social Media Network Chairs:<\/strong><br>\u2022 Selma Pereira, CICANT, ISMAT- Ensino Lus\u00f3fona (PT)<br>\u2022 Em\u00edlia Sim\u00e3o, Portucalense University (PT)<\/p>\n\n\n\n<p class=\"has-black-color has-text-color has-link-color wp-elements-12297ca7a60ec7320d41d636efec0aa4\" style=\"font-size:16px\"><strong>Local Organisation:<\/strong><br>\u2022 Tiago Caldas Nunes, Politechnic University of Beja \/ ACM (PT) (Chairman)<br>\u2022 Ana Perfeito Politechnic University of Beja \/ ACM (PT) (Local Co-Chairman)<br>\u2022 Students of the Multimedia Communication<br>\u2022 Secretariat of ACM<\/p>\n\n\n\n<p class=\"has-black-color has-text-color has-link-color wp-elements-c8f30354b3fdf6c0e74e7d5b2c6ed679\" style=\"font-size:16px\"><strong>Artech Steering Committee:<\/strong><br>\u2022 Ad\u00e9rito Fernandes-Marcos, University of Saint Joseph in Macao (MO) (Chairman)<br>\u2022 \u00c1lvaro Barbosa, University of Saint Joseph in Macao (MO)<br>\u2022 Christa Sommerer, University of Art and Industrial Design (AT)<br>\u2022 Henrique Silva, Cerveira Biennial of Arts (PT)<br>\u2022 Lola Dopico Arneiros, University of Vigo (ES)<br>\u2022 Nuno Correia, Nova Lisbon University (PT)<br>\u2022 Seamus Ross, University of Toronto (CA)<br>\u2022 Mirian Tavares, University of Algarve (PT)<\/p>\n\n\n\n<figure class=\"wp-block-image size-large\"><img loading=\"lazy\" decoding=\"async\" width=\"1024\" height=\"320\" src=\"https:\/\/artefacto-conf.org\/wp-content\/uploads\/2026\/03\/banner-titulos-artefacto-4-1024x320.png\" alt=\"\" class=\"wp-image-4405\" srcset=\"https:\/\/artefacto-conf.org\/wp-content\/uploads\/2026\/03\/banner-titulos-artefacto-4-1024x320.png 1024w, https:\/\/artefacto-conf.org\/wp-content\/uploads\/2026\/03\/banner-titulos-artefacto-4-300x94.png 300w, https:\/\/artefacto-conf.org\/wp-content\/uploads\/2026\/03\/banner-titulos-artefacto-4-768x240.png 768w, https:\/\/artefacto-conf.org\/wp-content\/uploads\/2026\/03\/banner-titulos-artefacto-4-1536x480.png 1536w, https:\/\/artefacto-conf.org\/wp-content\/uploads\/2026\/03\/banner-titulos-artefacto-4.png 1920w\" sizes=\"auto, (max-width: 1024px) 100vw, 1024px\" \/><\/figure>\n","protected":false},"excerpt":{"rendered":"<p>ARTeFACTo 2026 Organization Institutions:\u2022 Politechnic University of Beja \/ ACM (Lab of Art and Multimedia Communication)\u2022 The Artech-International Association Honorary Chairman:\u2022 Ad\u00e9rito Fernandes-Marcos, University of Saint Joseph in Macau (MO) \/ Artech-International International Scientific and Art Committee:\u2022 Aldo Passarinho, Politechnic University of Beja \/ ACM (PT) (General Chairman)\u2022 Tiago Caldas Nunes, Politechnic University of Beja&#8230; <\/p>\n<div class=\"clear\"><\/div>\n<p><a href=\"https:\/\/artefacto-conf.org\/index.php\/organization\/\" class=\"gdlr-info-font excerpt-read-more\">Read More<\/a><\/p>\n","protected":false},"author":1,"featured_media":0,"parent":0,"menu_order":0,"comment_status":"closed","ping_status":"closed","template":"","meta":{"footnotes":""},"class_list":["post-4349","page","type-page","status-publish","hentry"],"_links":{"self":[{"href":"https:\/\/artefacto-conf.org\/index.php\/wp-json\/wp\/v2\/pages\/4349","targetHints":{"allow":["GET"]}}],"collection":[{"href":"https:\/\/artefacto-conf.org\/index.php\/wp-json\/wp\/v2\/pages"}],"about":[{"href":"https:\/\/artefacto-conf.org\/index.php\/wp-json\/wp\/v2\/types\/page"}],"author":[{"embeddable":true,"href":"https:\/\/artefacto-conf.org\/index.php\/wp-json\/wp\/v2\/users\/1"}],"replies":[{"embeddable":true,"href":"https:\/\/artefacto-conf.org\/index.php\/wp-json\/wp\/v2\/comments?post=4349"}],"version-history":[{"count":10,"href":"https:\/\/artefacto-conf.org\/index.php\/wp-json\/wp\/v2\/pages\/4349\/revisions"}],"predecessor-version":[{"id":4480,"href":"https:\/\/artefacto-conf.org\/index.php\/wp-json\/wp\/v2\/pages\/4349\/revisions\/4480"}],"wp:attachment":[{"href":"https:\/\/artefacto-conf.org\/index.php\/wp-json\/wp\/v2\/media?parent=4349"}],"curies":[{"name":"wp","href":"https:\/\/api.w.org\/{rel}","templated":true}]}}